ulate the greatest common divisor of 500 and 944.
4
What is the greatest common factor of 6408 and 10728?
72
Calculate the highest common divisor of 86 and 17.
1
Calculate the highest common divisor of 2121 and 2793.
21
Calculate the greatest common factor of 4205 and 899.
29
What is the highest common factor of 88 and 288178?
22
Calculate the highest common factor of 39 and 31629.
39
Calculate the greatest common factor of 84 and 245994.
42
Calculate the highest common factor of 96727 and 14381.
197
What is the greatest common divisor of 83 and 9022266?
83
Calculate the greatest common divisor of 468018 and 214.
214
What is the highest common divisor of 114165 and 1075?
215
What is the greatest common divisor of 1836 and 18870?
102
Calculate the highest common divisor of 63 and 354459.
21
Calculate the greatest common factor of 990 and 385.
55
What is the greatest common divisor of 53956 and 880639?
1927
What is the highest common factor of 603 and 1476?
9
Calculate the greatest common factor of 87 and 1174442.
29
Calculate the greatest common divisor of 3762 and 1045.
209
Calculate the highest common divisor of 1055674 and 806.
62
Calculate the highest common factor of 55 and 367697.
11
What is the highest common divisor of 224 and 3653216?
224
What is the greatest common divisor of 4849 and 143?
13
Calculate the highest common factor of 12592 and 1200.
16
Calculate the greatest common divisor of 558504 and 120.
24
Calculate the greatest common divisor of 8 and 9449.
1
What is the highest common factor of 2501 and 779?
41
Calculate the greatest common factor of 630 and 64050.
210
What is the greatest common factor of 3686 and 15390?
38
Calculate the highest common divisor of 8323 and 14413.
203
What is the highest common factor of 820618 and 142?
142
What is the greatest common divisor of 20213 and 246?
41
What is the greatest common divisor of 39 and 13947258?
39
What is the highest common divisor of 1857842 and 7336?
1834
Calculate the greatest common factor of 173817 and 4774.
217
Calculate the greatest common divisor of 39808 and 128.
128
What is the highest common factor of 4112911 and 18392?
2299
Calculate the greatest common divisor of 64 and 13472.
32
Calculate the highest common factor of 18516688 and 16.
16
Calculate the highest common divisor of 4975 and 3.
1
Calculate the greatest common divisor of 95550 and 30.
30
What is the highest common divisor of 578 and 317033?
289
What is the greatest common factor of 91377 and 252?
9
Calculate the highest common divisor of 139523 and 249.
83
What is the greatest common factor of 157860 and 9?
9
Calculate the highest common divisor of 1 and 1220795.
1
Calculate the greatest common factor of 180 and 2201460.
60
Calculate the greatest common divisor of 557 and 146491.
557
What is the greatest common factor of 517 and 125631?
517
Calculate the greatest common factor of 3136 and 74382.
98
What is the greatest common divisor of 19707 and 3?
3
What is the greatest common factor of 10580 and 23828?
92
Calculate the greatest common factor of 3414 and 42.
6
Calculate the highest common divisor of 10950 and 500.
50
What is the greatest common factor of 18840 and 14915?
785
Calculate the highest common divisor of 30564 and 324.
108
What is the greatest common factor of 2501 and 1525?
61
What is the greatest common factor of 1509970 and 1113?
371
What is the highest common divisor of 27417 and 285?
57
Calculate the greatest common factor of 1116408 and 181.
181
Calculate the greatest common factor of 1184833 and 13.
13
What is the greatest common factor of 170 and 576470?
170
What is the highest common factor of 167791 and 377?
13
Calculate the greatest common divisor of 297 and 49302.
297
Calculate the highest common divisor of 60 and 152265.
15
What is the greatest common factor of 154 and 8547?
77
What is the highest common factor of 31305 and 75?
15
What is the highest common divisor of 8277 and 4539?
267
Calculate the highest common divisor of 42 and 278208.
42
Calculate the greatest common factor of 135 and 19770.
15
Calculate the greatest common factor of 7 and 3223801.
7
What is the highest common factor of 116 and 1112?
4
Calculate the greatest common factor of 319 and 33379.
29
What is the greatest common divisor of 65792 and 368?
16
Calculate the greatest common factor of 170 and 46495.
85
Calculate the greatest common factor of 889 and 1817497.
127
Calculate the highest common divisor of 64 and 288044.
4
What is the greatest common divisor of 1430 and 49478?
286
Calculate the greatest common divisor of 35308 and 32032.
364
What is the greatest common divisor of 53173 and 7?
1
What is the highest common factor of 9952 and 26016?
32
What is the highest common factor of 2685 and 435?
15
What is the greatest common factor of 272162 and 33?
11
Calculate the highest common divisor of 39386 and 31006.
838
Calculate the greatest common factor of 811140 and 40.
20
What is the greatest common divisor of 1141024 and 64?
32
Calculate the greatest common divisor of 115416 and 504.
504
Calculate the highest common divisor of 486 and 6.
6
What is the greatest common factor of 972 and 130656?
12
What is the highest common divisor of 2556 and 817281?
639
Calculate the highest common factor of 26102 and 155.
31
Calculate the highest common divisor of 637 and 87581.
13
What is the greatest common divisor of 60 and 4124?
4
Calculate the highest common divisor of 120 and 14295.
15
Calculate the highest common divisor of 153 and 10812.
51
What is the highest common divisor of 1025 and 203925?
25
What is the highest common divisor of 12840 and 11520?
120
Calculate the highest common divisor of 325525 and 4939.
449
Calculate the greatest common divisor of 1647 and 340441.
61
What is the greatest common factor of 23832 and 72?
72
What is the greatest common factor of 9948 and 76?
4
Calculate the highest common factor of 330 and 752730.
330
What is the highest common factor of 492 and 21804?
12
What is the greatest common factor of 84305 and 195?
65
Calculate the greatest common divisor of 213 and 24353.
71
What is the greatest common factor of 46 and 6206?
2
Calculate the highest common factor of 1189951 and 1197.
133
What is the highest common divisor of 102 and 2561781?
51
Calculate the highest common factor of 72993 and 261.
87
Calculate the highest common factor of 20220 and 11700.
60
What is the highest common divisor of 69 and 73945?
23
What is the greatest common divisor of 3805 and 444424?
761
Calculate the highest common divisor of 4 and 1805.
1
What is the highest common factor of 52 and 62387?
13
What is the highest common factor of 20128 and 58016?
1184
Calculate the greatest common divisor of 156843 and 171828.
999
What is the highest common factor of 2045 and 19632?
409
What is the greatest common factor of 87 and 22185?
87
What is the highest common divisor of 86871 and 69?
69
What is the highest common divisor of 5181415 and 103?
103
Calculate the greatest common factor of 550482 and 414.
138
Calculate the greatest common divisor of 39529 and 259.
7
Calculate the highest common factor of 85 and 357.
17
Calculate the highest common divisor of 6859099 and 26.
13
Calculate the highest common factor of 10 and 12910.
10
Calculate the greatest common factor of 1192 and 175820.
596
Calculate the greatest common factor of 18810 and 684.
342
Calculate the greatest common divisor of 189744 and 3776.
944
What is the highest common divisor of 404 and 336734?
202
What is the greatest common factor of 2013 and 14640?
183
Calculate the greatest common factor of 285 and 192546.
57
What is the highest common factor of 6491205 and 75?
15
Calculate the greatest common divisor of 500 and 15875.
125
Calculate the greatest common divisor of 88 and 127655.
11
Calculate the greatest common factor of 59024 and 394072.
1736
What is the greatest common divisor of 172 and 2022591?
43
What is the highest common factor of 580 and 393220?
20
What is the greatest common factor of 12 and 244872?
12
Calculate the highest common factor of 2088 and 330948.
1044
What is the greatest common divisor of 556140 and 19220?
620
Calculate the highest common divisor of 20 and 35830.
10
What is the highest common factor of 201916 and 154